{"id":2713,"date":"2021-07-15T08:18:37","date_gmt":"2021-07-15T08:18:37","guid":{"rendered":"http:\/\/lezermuhely.eu\/site\/hu\/?page_id=2713"},"modified":"2024-07-01T08:55:34","modified_gmt":"2024-07-01T08:55:34","slug":"targoncas-raktaros-munkatars","status":"publish","type":"page","link":"https:\/\/lezermuhely.eu\/site\/targoncas-raktaros-munkatars\/","title":{"rendered":"Targonc\u00e1s rakt\u00e1ros munkat\u00e1rs"},"content":{"rendered":"<p>Targonc\u00e1s rakt\u00e1ros munkat\u00e1rsat keres\u00fcnk.<\/p>\n<p>Amennyiben \u00e1ll\u00e1saj\u00e1nlatunk\u00a0felkeltette az \u00e9rdekl\u0151d\u00e9s\u00e9t \u00e9s megfelel az elv\u00e1r\u00e1soknak, k\u00e9rj\u00fck, k\u00fcldje el a magyar nyelv\u0171 szakmai \u00f6n\u00e9letrajz\u00e1t:<\/p>\n<div class=\"text-container\"><a href=\"&#109;&#x61;i&#x6c;&#x74;&#111;&#x3a;p&#97;&#x75;&#108;&#x69;k&#46;&#x65;n&#x64;r&#101;&#x40;l&#x65;&#x7a;&#101;&#x72;m&#117;&#x68;&#101;&#x6c;y&#46;&#x68;&#117;\"><span class=\"swipe_color\">paul&#105;&#107;&#46;&#101;&#110;&#x64;&#x72;&#x65;&#x40;&#x6c;&#x65;&#x7a;ermu&#104;&#101;&#108;&#121;&#46;&#x68;&#x75;<\/span><\/a><\/div>\n","protected":false},"excerpt":{"rendered":"<p>Targonc\u00e1s rakt\u00e1ros munkat\u00e1rsat keres\u00fcnk. Amennyiben \u00e1ll\u00e1saj\u00e1nlatunk\u00a0felkeltette az \u00e9rdekl\u0151d\u00e9s\u00e9t \u00e9s megfelel az elv\u00e1r\u00e1soknak, k\u00e9rj\u00fck, k\u00fcldje el a magyar nyelv\u0171 szakmai \u00f6n\u00e9letrajz\u00e1t: &#x70;&#97;u&#x6c;&#105;k&#x2e;&#101;n&#x64;&#114;e&#x40;&#108;e&#x7a;&#101;r&#x6d;&#117;h&#x65;&#108;y&#x2e;&#104;u<\/p>\n","protected":false},"author":9,"featured_media":1267,"parent":0,"menu_order":0,"comment_status":"closed","ping_status":"closed","template":"","meta":{"_hu_post_content":"Targonc\u00e1s rakt\u00e1ros munkat\u00e1rsat keres\u00fcnk.\r\n\r\nAmennyiben \u00e1ll\u00e1saj\u00e1nlatunk\u00a0felkeltette az \u00e9rdekl\u0151d\u00e9s\u00e9t \u00e9s megfelel az elv\u00e1r\u00e1soknak, k\u00e9rj\u00fck, k\u00fcldje el a magyar nyelv\u0171 szakmai \u00f6n\u00e9letrajz\u00e1t:\r\n<div class=\"text-container\"><a href=\"mailto:paulik.endre@lezermuhely.hu\"><span class=\"swipe_color\">paulik.endre@lezermuhely.hu<\/span><\/a><\/div>","_hu_post_name":"targoncas-raktaros-munkatars","_hu_post_excerpt":"","_hu_post_title":"Targonc\u00e1s rakt\u00e1ros munkat\u00e1rs","_en_post_content":"","_en_post_name":"","_en_post_excerpt":"","_en_post_title":"","_de_post_content":"","_de_post_name":"","_de_post_excerpt":"","_de_post_title":"","edit_language":"hu"},"categories":[],"tags":[],"_links":{"self":[{"href":"https:\/\/lezermuhely.eu\/site\/wp-json\/wp\/v2\/pages\/2713"}],"collection":[{"href":"https:\/\/lezermuhely.eu\/site\/wp-json\/wp\/v2\/pages"}],"about":[{"href":"https:\/\/lezermuhely.eu\/site\/wp-json\/wp\/v2\/types\/page"}],"author":[{"embeddable":true,"href":"https:\/\/lezermuhely.eu\/site\/wp-json\/wp\/v2\/users\/9"}],"replies":[{"embeddable":true,"href":"https:\/\/lezermuhely.eu\/site\/wp-json\/wp\/v2\/comments?post=2713"}],"version-history":[{"count":2,"href":"https:\/\/lezermuhely.eu\/site\/wp-json\/wp\/v2\/pages\/2713\/revisions"}],"predecessor-version":[{"id":2715,"href":"https:\/\/lezermuhely.eu\/site\/wp-json\/wp\/v2\/pages\/2713\/revisions\/2715"}],"wp:featuredmedia":[{"embeddable":true,"href":"https:\/\/lezermuhely.eu\/site\/wp-json\/wp\/v2\/media\/1267"}],"wp:attachment":[{"href":"https:\/\/lezermuhely.eu\/site\/wp-json\/wp\/v2\/media?parent=2713"}],"wp:term":[{"taxonomy":"category","embeddable":true,"href":"https:\/\/lezermuhely.eu\/site\/wp-json\/wp\/v2\/categories?post=2713"},{"taxonomy":"post_tag","embeddable":true,"href":"https:\/\/lezermuhely.eu\/site\/wp-json\/wp\/v2\/tags?post=2713"}],"curies":[{"name":"wp","href":"https:\/\/api.w.org\/{rel}","templated":true}]}}

Targoncás raktáros munkatárs

<p>Targoncás raktáros munkatársat keresünk.</p>
<p>Amennyiben állásajánlatunk felkeltette az érdeklődését és megfelel az elvárásoknak, kérjük, küldje el a magyar nyelvű szakmai önéletrajzát:</p>
<div class="text-container"><a href="&#109;&#x61;i&#x6c;&#x74;&#111;&#x3a;p&#97;&#x75;&#108;&#x69;k&#46;&#x65;n&#x64;r&#101;&#x40;l&#x65;&#x7a;&#101;&#x72;m&#117;&#x68;&#101;&#x6c;y&#46;&#x68;&#117;"><span class="swipe_color">paul&#105;&#107;&#46;&#101;&#110;&#x64;&#x72;&#x65;&#x40;&#x6c;&#x65;&#x7a;ermu&#104;&#101;&#108;&#121;&#46;&#x68;&#x75;</span></a></div>

<p>Targoncás raktáros munkatársat keresünk. Amennyiben állásajánlatunk felkeltette az érdeklődését és megfelel az elvárásoknak, kérjük, küldje el a magyar nyelvű szakmai önéletrajzát: &#x70;&#97;u&#x6c;&#105;k&#x2e;&#101;n&#x64;&#114;e&#x40;&#108;e&#x7a;&#101;r&#x6d;&#117;h&#x65;&#108;y&#x2e;&#104;u</p>

Targoncás raktáros munkatársat keresünk.

Amennyiben állásajánlatunk felkeltette az érdeklődését és megfelel az elvárásoknak, kérjük, küldje el a magyar nyelvű szakmai önéletrajzát:
<div class="text-container"><a href="mailto:paulik.endre@lezermuhely.hu"><span class="swipe_color">paulik.endre@lezermuhely.hu</span></a></div>
